= 3*i - t. Let k = -267 + i. What is the units digit of k?
1
Let r(n) = 6*n + 104. Let g be r(-17). Suppose g*m - 1497 = u, 2253 = 3*m - 8*u + 4*u. What is the hundreds digit of m?
7
Let j = -13 + -141. Let u = j + 247. What is the tens digit of (u - -4)*1 + (0 - 3)?
9
Suppose -4648 = -154*a + 162*a. Let b = -417 - a. What is the tens digit of b?
6
Let m = -35 - -163. Suppose t - 14 + m = 0. What is the units digit of (t/10)/(6/(-60))?
4
Let v be 4180/6*(12 + 660/(-50)). Let l = -167 - v. What is the units digit of l?
9
Let z(r) = -r**2 - 346 + 26*r + 0*r**2 + 392. Let l be 3 - 1/(4 + (-255)/63). What is the tens digit of z(l)?
9
What is the thousands digit of (-66*252 + (-105 - -105))/(4/(-6))?
4
Suppose -11*w + 119221 + 86458 + 42217 = 0. What is the thousands digit of w?
2
Let d = 36 + -51. Let i = 24 + d. Suppose i*o + 22 = 10*o. What is the units digit of o?
2
Let p(b) = 70*b**3 - 2*b**2 + b. Suppose -l + 1 = 2*y + y, -2*y = 2*l - 2. Suppose 3*m = 4*f + 9 + 6, -m + 5*f + 16 = y. What is the units digit of p(m)?
9
Suppose -6*u + u - 34 = -4*v, 4*u + 28 = 3*v. Let k be u/(((-8)/6)/(4/6)). Suppose 0 = -k*b - 3*d + 210, 0*d - 2*d - 235 = -5*b. What is the units digit of b?
5
Suppose l = 2*l + 11. Let c be l + 14 + (-46 - -1). Let t = 6 - c. What is the units digit of t?
8
Suppose -44937 = 77*j - 427704. What is the tens digit of j?
7
Let c(f) = 163*f**2 - 41*f + 190. What is the thousands digit of c(7)?
7
Suppose 4*t - 6146 = -2*s, -27*t + 4*s = -29*t + 3076. What is the tens digit of t?
3
Suppose 3*h - 2*h + 3 = 0. Let t = 14 + h. Suppose -240 = -t*s + 6*s. What is the units digit of s?
8
Suppose 3814 + 878 + 5696 = d. What is the hundreds digit of d?
3
Let x(y) = 25*y - 14 + y**3 - 8 - 54*y**2 - 8 + 33*y**2. Let q = -26 + 46. What is the tens digit of x(q)?
7
Suppose -3*m + 2*r = -0*m + 231, 0 = 4*r - 12. What is the units digit of 5/(m/12) - 17696/(-70)?
2
Suppose 4*o - 28 = -2*f + 8*o, 0 = 3*o + 3. What is the tens digit of (-93)/f*(-58 - -6)?
0
Suppose -8*b + 51878 - 119 = -14017. What is the thousands digit of b?
8
Let w(s) = -895*s + 15. Let f be w(-2). Suppose 3*c = 5*z - 2*c - f, 3*c = 2*z - 721. What is the hundreds digit of z?
3
Suppose -3*f + 12691 = 5*a, 5*f - 2*a - 2*a = 21090. Suppose -f = -9*m + 4157. What is the units digit of m?
1
Let j(o) = -o**2 + 4*o + 32. Let b be j(-4). Suppose b = 13*r - 1324 - 15069. What is the units digit of r?
1
Let j(k) = -28*k + 247. Let r be j(3). Suppose -3*p = 133 + 113. Let n = r + p. What is the tens digit of n?
8
Suppose -6*x + 5*g = -2*x, -4*g = 5*x + 41. What is the tens digit of (x + 1)/(40/(-140))?
1
Let k = -5062 + 9506. What is the units digit of k?
4
Let o(r) = -291*r + 2818. What is the ten thousands digit of o(-45)?
1
Suppose 384*g = 389*g - 16710. Let n = -1530 + g. What is the hundreds digit of n?
8
Let q(r) = -3985*r**3 - 9*r**2 - 16*r - 16. What is the units digit of q(-2)?
0
Let l(c) = 3*c**3 - 7*c**2 + 11*c - 2. Let p be l(2). Suppose 100 = -d - j + 876, 4*j - p = 0. What is the units digit of d?
2
Let v = -6726 - 1471. What is the units digit of (-2)/4 - (6 + v/14)?
9
What is the tens digit of 6749 + (11 - (-10)/(-5))?
5
Let s(u) = 11*u + 53. Let t be s(-13). Let y = t - -1122. Suppose -y = -19*i + 830. What is the units digit of i?
8
Let w = 76 - -6. Let k = 267 + w. Suppose 4*o + 5*u - k = 0, -427 = -5*o - 4*u + 7*u. What is the units digit of o?
6
Suppose 0 = 3852*p - 3846*p - 22734. What is the hundreds digit of p?
7
Let f be 112/2 - (1 + 0/(-2)). Suppose f + 9 = 4*v. Suppose -5*k + 159 = -v. What is the tens digit of k?
3
Suppose 4*j + 4 = 0, 2*z - 2*j - 3338 = 736. What is the thousands digit of z?
2
Let z = 23155 + -8518. What is the hundreds digit of z?
6
Suppose -5*n = -5*b + 10945, 2*b + n - 699 = 3685. Let r = -1462 + b. What is the hundreds digit of r?
7
Let b(v) = 5*v - 13. Let i = 16 + -11. Let u be b(i). What is the units digit of u/3 + -1 - -89?
2
Suppose -16*n = -11*n - 4*n - 44325. What is the thousands digit of n?
4
Let n be 3/(-15) - (-1768)/(-10). Let y(r) = 2*r**2 + 5*r - 20. Let s be y(11). Let z = s + n. What is the hundreds digit of z?
1
Suppose -2*o + 5*k + 5 = o, 0 = -4*o - 5*k - 40. What is the thousands digit of o + 42/6 - -1340?
1
Suppose -59 + 15 = -q. Let y = -37 + q. Suppose -y*i - 51 + 1150 = 0. What is the hundreds digit of i?
1
Suppose -283*h + 25*h = -3718812. What is the units digit of h?
4
Suppose -v = 2 - 5. Suppose -188 = -2*z - 5*c, 2*z + v*c = -2*z + 348. Suppose 0 = l - z + 17. What is the units digit of l?
7
Let h(l) = l**3 - 87*l**2 - 626*l + 257. What is the tens digit of h(97)?
2
Suppose 4*b = -24 - 24. Let s(r) = 9*r - 6. Let f be s(4). Let y = f + b. What is the units digit of y?
8
Suppose -1 = -c, 2*z - z + 5*c = 698. Suppose 6*y = -z + 4527. What is the tens digit of y?
3
Let m be (-6 - (-184)/24)/((-2)/(-900)). Suppose 5*y - m = -5*j, -5*y = j - 4*j - 782. What is the units digit of y?
4
Let w(j) = 55*j - 13. Let u(k) = -56*k + 20. Let v(b) = 2*u(b) + 3*w(b). What is the hundreds digit of v(15)?
7
Let n(l) be the first derivative of -l**2/2 - 9*l + 22. Let z be n(-8). Let j = 18 - z. What is the tens digit of j?
1
Suppose -4*s + p = -68598, -72943 = -4*s - 2*p - 4339. What is the hundreds digit of s?
1
Let v be 4 + (236/(-2))/((-24)/36). Let h = v - -49. What is the tens digit of h?
3
Let w(v) = 11*v - 5. Let c = 38 - 43. Let j be w(c). Let u = 73 + j. What is the tens digit of u?
1
What is the thousands digit of (-41)/((-164)/24816) - 1*8?
6
Suppose 5*x = 10*z - 6*z + 16, 4*x - 5*z - 11 = 0. Suppose x*l - 4755 = 3*m - 6*m, l - 1192 = -4*m. What is the thousands digit of l?
1
Let h = 30 + -36. Let z be (-1360)/15 - 4/h. Let g = 4 - z. What is the units digit of g?
4
Let r(o) = -54*o + 393. Let j be r(0). Suppose -j*h + 394*h = 411. What is the units digit of h?
1
Let q be -2 + -3*(-78)/(-18)*41. Let g = q + 991. What is the hundreds digit of g?
4
What is the units digit of (-9)/((75/(-47895))/5)?
7
Let h be (-12)/54 - (-180)/81. Suppose h*y + 474 - 21 = x, 5*x + 4*y = 2223. What is the hundreds digit of x?
4
Suppose -7*l - 1775 = 5*s - 3*l, 4*l - 20 = 0. Let x = 212 - s. Suppose 4*z - x = f - 116, 3*z - 360 = -3*f. What is the hundreds digit of z?
1
Let b = 60356 + -30376. What is the hundreds digit of b?
9
Let j(r) = -11*r - 11. Let a be j(18). Suppose 4*k - m + 4*m = 1248, 0 = -3*k + 4*m + 911. Let x = k + a. What is the tens digit of x?
0
Suppose -3*s + 3*j + 499 = 2*j, 4*j = s - 148. Suppose 18*k - 9*k = 36. Suppose -s = -k*u + u. What is the units digit of u?
6
Let n be 1656/117 + (-4)/26. Suppose 624 = -11*y + n*y. Suppose -x + y = -2. What is the hundreds digit of x?
2
Let a = 100 + -25. Let v be 287/14 + (-2)/4. Let b = a + v. What is the units digit of b?
5
Let f(a) = -232*a - 3823. What is the thousands digit of f(-48)?
7
Suppose -82*l - 300271 + 4078667 = 0. What is the tens digit of l?
7
Suppose -65 = -i - 4*i. Suppose -29*o + i*o + 16128 = 0. What is the units digit of o?
8
Suppose -53837 + 26 = -9*j. What is the thousands digit of j?
5
Let l(q) = q**3 + 24*q**2 + 8*q + 21. Let z(t) = 33*t + 44. Let y be z(-2). What is the tens digit of l(y)?
1
What is the thousands digit of ((-1)/(-2) - 0)/(-17 + (-13096288)/(-770368))?
2
Let i(t) = 12 + 172*t - 63*t - 28*t. What is the hundreds digit of i(3)?
2
Suppose l = 5*i + 54316, 3*l - 221709 = -3*i - 58815. What is the units digit of l?
1
Let l(b) = b - 9. Let a be l(14). Suppose -3*y - 4*x + 19 = 0, -a*y - 2*x - 18 = -45. Suppose y*j + 10 = 0, k + 5*j = -3*k + 498. What is the tens digit of k?
2
Let a(z) = z. Let c(x) = 10*x - 4*x - x + 0*x + 24. Let h(j) = -2*a(j) + c(j). What is the units digit of h(-6)?
6
What is the thousands digit of (-37)/((-925)/(-400)) + 9979?
9
What is the tens digit of 10086/(-20)*-4*(15 + -12 + 2)?
8
Suppose -3*l - b + 5827 = -6*b, b = -6*l + 11698. What is the hundreds digit of l?
9
Suppose 5*o - 8*o + 3*r = -14127, -4*r + 23545 = 5*o. What is the hundreds digit of o?
7
Let u(g) = g**3 - 8*g**2 + 11*g + 8. Let l be 1 - 15/(3 + -6). Let c be u(l). Suppose -c*n + 28 = -50. What is the tens digit of n?
3
Let b(k) = -8*k**2 - 86*k + 96. Let l(m) = 3*m**2 + 29*m - 32. Let p(a) = -4*b(a) - 11*l(a). What is the units digit of p(8)?
4
Let d 